n factor of 24 and z?
24
Suppose 4*x - 80 = -2*v + 208, 360 = 5*x - 5*v. Let k be (0 - 8)*x/(-16). What is the greatest common factor of k and 9?
9
Suppose o = -t + 2*t - 4, 0 = -t - 5*o + 10. Suppose 2*a - 4*a = -2. Calculate the greatest common divisor of t and a.
1
Let w = -18 + 32. Calculate the highest common factor of 35 and w.
7
Let y(z) = 4*z + 20. Let c be y(0). Calculate the highest common divisor of 140 and c.
20
Suppose 8 = -3*k - k. Let d be 14/2 + (0 - k). Let l(q) = q**2 - 5*q - 1. Let t be l(d). What is the greatest common divisor of t and 5?
5
Let p be (-10 - -60)*(-15)/(-6). Calculate the highest common divisor of 25 and p.
25
Suppose -2*i = 4*c - 64, -c - 3*i + 18 = 2. Suppose 0 = -3*w - w + c. What is the greatest common factor of w and 2?
2
Suppose 4*y - 3*t = -0*t + 192, 192 = 4*y - t. What is the highest common divisor of 24 and y?
24
Let i be (3 - 3/3) + 840. Suppose -i + 226 = -4*o. Suppose -2*x + 4*z = z - 78, 4*x - 5*z = o. Calculate the highest common factor of 18 and x.
18
Suppose -3*v = -4*v + 48. Suppose i + 4*g - v = 0, 3*i - i = 5*g + 122. What is the highest common factor of 8 and i?
8
Let r(b) = b + 5. Let n be r(-6). Let g be (2 - n)*(-112)/(-24). What is the greatest common factor of 2 and g?
2
Suppose -301 = -3*r + 3*b - 55, 0 = -3*r + 4*b + 243. Suppose f = 31 + 20. Suppose 6*y - f = 3*y. Calculate the highest common divisor of r and y.
17
Let b be 2/(-10) - (-22)/10. Suppose -57 = -d + b*f, 0 = -d - f + 4*f + 58. Calculate the highest common divisor of 22 and d.
11
Let y(s) = 11*s**3 - 2*s**2 + 2*s. Let b be y(2). Let m = -60 + b. What is the greatest common divisor of m and 96?
24
Suppose -2*p = 5*f - 67, 35 = p + f + 2*f. Let d be 3*(-12)/90 - (-394)/10. Calculate the highest common factor of d and p.
13
Let p be (-2 + 5)/(6/10). What is the highest common divisor of 45 and p?
5
Let t = 19 + -15. Calculate the greatest common divisor of 84 and t.
4
Suppose -k + 3*r + 109 = 0, k - 5*r - 107 = -0*k. Suppose 0 = 4*i - 2*x - 46, -3*i + 17 = -4*x - x. Calculate the greatest common divisor of k and i.
14
Suppose 0*k + 2*k = -2*i + 56, -4*i + 56 = 2*k. Let z = k + -27. What is the highest common factor of 11 and z?
1
Let d = 15 + -10. Suppose -d*g + 3 = -2, r = 2*g + 66. Calculate the greatest common factor of 17 and r.
17
Suppose 0 = -2*i + h + 2*h + 210, 4*h = -16. Calculate the greatest common divisor of 11 and i.
11
Let j be 1/2*2*60. Suppose 7*r - 9*r = -48. What is the highest common factor of r and j?
12
Let g = -3 + 14. Suppose -99 = -2*o + g. Suppose -3*x = -0*x - 33. What is the highest common factor of x and o?
11
Let b(t) = t**3 - 2*t**2 + 1. Let l be b(4). Calculate the highest common divisor of l and 11.
11
Let h be (1 + -16)/((-2)/6). Suppose -4*c - 65 = 7. Let s = c + h. What is the greatest common divisor of s and 18?
9
Suppose -2*o = -o - 7. Let r = o + -5. Suppose -r*s + 175 = 3*s. What is the highest common factor of 5 and s?
5
Let q(d) = -d**2 - 14*d - 10. Let a be q(-13). Let m be 3/((-51)/27 + 2). Calculate the highest common divisor of a and m.
3
Let p = 49 + -27. What is the greatest common divisor of p and 33?
11
Let h = -21 - -31. Calculate the highest common factor of h and 20.
10
Suppose -3*z - i = -131, z - 3*i - 147 = -2*z. Calculate the greatest common factor of z and 5.
5
Let q(g) = 2*g**2 - 2*g - 7. Let h be q(4). Let j = 31 - h. Calculate the greatest common factor of j and 112.
14
Let r be 3 - (0 + (3 - 0)). Let y(j) = j**2 + 160. Let m be y(r). What is the greatest common divisor of 20 and m?
20
Let r(m) = 2*m**2 - 27*m + 4. Let x be r(-4). What is the greatest common factor of x and 18?
18
Let w(t) = 5*t**2 - t. Let d = -3 - -4. Let g = 1 + d. Let j be w(g). Calculate the highest common divisor of 12 and j.
6
Let g(d) = d**3 + 3*d**2 - 5*d + 1. Let s = -15 + 11. Let x be g(s). Suppose -6*v = -v - 25, -2*n = -5*v - 35. Calculate the greatest common divisor of x and n.
5
Let l be ((-42)/(-12) - (2 + 1))*12. What is the greatest common divisor of l and 96?
6
Suppose -3*n + 25 = 4. What is the highest common factor of n and 56?
7
Suppose -43 + 7 = -3*a. Calculate the highest common factor of a and 168.
12
Suppose 2*u = -4, w - 5 = -2*u - 13. Let x(p) = -2*p + 3. Let h be x(w). Calculate the greatest common divisor of 77 and h.
11
Let k = 0 + 2. Let b be k/(-9) + 152/36. What is the highest common divisor of b and 28?
4
Let k(g) = g**3 + 6*g**2 - 8*g - 1. Let b be k(-7). Let t(l) = 3*l - 2. Let a be t(b). Calculate the highest common divisor of a and 2.
2
Let s(n) = -n + 26. Let m be s(0). What is the highest common factor of m and 13?
13
Suppose 4*d = -a + 159, 2*d - 15 = -2*a + 63. Let t = d - 19. Calculate the greatest common divisor of t and 168.
21
Suppose 4*c - 63 = c. Suppose -2*b + c = b. Let z be 70/4*(-20)/(-25). Calculate the greatest common divisor of b and z.
7
Let t(z) be the second derivative of -1/6*z**3 + 0 + 4*z**2 + 3*z. Let q be t(7). What is the greatest common factor of 7 and q?
1
Suppose 0 = -5*x + g + 61, 3*g + 14 = 3*x - x. Calculate the greatest common factor of x and 143.
13
Let k be (-7)/(-2) + 1/2. Let d(m) = 7*m + 2. Let j be d(k). Calculate the highest common factor of 12 and j.
6
Let x be 66/4 + (-15)/30. Calculate the greatest common factor of x and 16.
16
Let c(f) = 38*f - 1. Let j(k) = -k. Let b(p) = -c(p) + 4*j(p). Let o be b(-1). Let t = o - 31. Calculate the highest common divisor of t and 30.
6
Let g = 103 - 64. Calculate the greatest common factor of g and 65.
13
Suppose -b = -2*h - 1 + 15, 3*h = -3*b + 3. Let o = b - -18. Calculate the greatest common divisor of o and 21.
7
Let o be -1*(4/(-1))/((-6)/(-318)). What is the highest common divisor of 53 and o?
53
Let v(r) = 181*r**3 + r. Let x be v(1). What is the highest common factor of 26 and x?
26
Let f be (0 - 0) + (1 - -4). Suppose -3*a + 3 = -3. Suppose 4*n + a*d - 10 = 4, -5*n = d - 10. What is the greatest common divisor of n and f?
1
Let r = -286 - -528. Suppose -2*s + 42 + 18 = 3*t, -5*t - 3*s + 101 = 0. Calculate the greatest common divisor of t and r.
22
Let f = -17 - -36. Calculate the highest common divisor of 95 and f.
19
Let p = -4 - -8. Let z be 2/p - (-23)/2. Let u = z + -3. What is the greatest common divisor of u and 18?
9
Let w = 124 + -91. Calculate the greatest common divisor of w and 22.
11
Let l = 22 + -10. Calculate the highest common divisor of l and 24.
12
Suppose 5*p - 22 - 3 = 0. Suppose -p*m + 4*m = -3. Suppose 5*i = 4*o - 16, 2*o = m*o - 5*i + 11. What is the highest common factor of 27 and o?
9
Let c be -4 - -7 - 3 - -2. Let g(m) = m**2 + 2*m - 3. Let z be g(2). Let v be (1 - z)/((-6)/15). What is the highest common factor of c and v?
2
Let n = -3 - 6. Let x be 2/(-3) + (-51)/n. Let h(w) = 2*w**3 - 8*w**2 + 3*w. Let i be h(x). Calculate the greatest common factor of i and 13.
13
Suppose -4*l + 0*l = -k + 35, 15 = -3*l. Suppose 0 = -2*t + k - 3. Suppose -3*b + t = -2*b. What is the greatest common factor of 9 and b?
3
Let u(c) = c - 2. Let q be u(0). Let g be (44/(-5))/(q/45). Let z(f) = -3*f - 9. Let w be z(-9). Calculate the highest common divisor of g and w.
18
Let u(c) = -c**3 + c**2 + 5*c + 5. Let q be u(-5). Calculate the greatest common factor of q and 26.
26
Suppose 0*f = -2*f + 2. Let l = f - 7. Let q(k) = k + 10. Let c be q(l). Calculate the highest common divisor of c and 16.
4
Suppose 3*z - 196 - 137 = 0. What is the highest common divisor of z and 37?
37
Suppose -2*s + 1 = -3*v, 0*v + 6 = -2*v. Let p be ((-110)/s)/((-3)/(-6)). Calculate the greatest common divisor of 5 and p.
5
Let g(y) = 2*y**2 - 2*y - 1. Let r be g(-2). Suppose 2*h + 2*v = -6, 1 + r = h - 2*v. Calculate the highest common factor of h and 18.
2
Suppose 162 = d + 8*d. What is the greatest common divisor of d and 27?
9
Suppose -20 = -5*m + 5. Suppose -361 = -3*c + m*f, 2*c + f - 342 = -123. Let p = 34 - 18. Calculate the greatest common factor of p and c.
16
Let j be 4*(9/2 - 3). Calculate the highest common factor of 24 and j.
6
Let i(u) = -u**2 + 12. Let v be i(0). Calculate the greatest common divisor of v and 96.
12
Let g = -99 + 141. Calculate the highest common factor of 84 and g.
42
Let o(z) = -4*z - 25. Let q be o(-8). What is the highest common factor of 7 and q?
7
